198?
9
Calculate the remainder when 105463 is divided by 6573.
295
What is the remainder when 461548 is divided by 1326?
100
Calculate the remainder when 736613 is divided by 526.
213
What is the remainder when 19870 is divided by 3301?
64
What is the remainder when 53385 is divided by 2809?
14
What is the remainder when 268050 is divided by 271?
31
Calculate the remainder when 12683077 is divided by 530.
177
Calculate the remainder when 1307730 is divided by 653834.
62
Calculate the remainder when 69092873 is divided by 673.
1
Calculate the remainder when 23181371 is divided by 10772.
27
What is the remainder when 532664 is divided by 147?
83
Calculate the remainder when 11913132 is divided by 2367.
21
Calculate the remainder when 927636 is divided by 642.
588
What is the remainder when 20474596 is divided by 9699?
7
What is the remainder when 65380561 is divided by 1054525?
11
Calculate the remainder when 10235101 is divided by 87.
73
Calculate the remainder when 408617 is divided by 18.
17
What is the remainder when 63953 is divided by 21199?
356
Calculate the remainder when 253734 is divided by 479.
343
Calculate the remainder when 2671874 is divided by 667961.
30
Calculate the remainder when 3378489 is divided by 2579.
2578
Calculate the remainder when 310626 is divided by 38748.
642
What is the remainder when 22945284 is divided by 213?
72
Calculate the remainder when 12923478 is divided by 1238.
1234
What is the remainder when 2567159 is divided by 855715?
14
What is the remainder when 509020 is divided by 38?
10
What is the remainder when 876899 is divided by 35069?
174
Calculate the remainder when 4490794 is divided by 1967.
133
What is the remainder when 65795817 is divided by 30?
27
What is the remainder when 3587345 is divided by 717400?
345
Calculate the remainder when 106904 is divided by 8888.
248
Calculate the remainder when 299457 is divided by 29942.
37
Calculate the remainder when 4735399 is divided by 8753.
26
Calculate the remainder when 4705812 is divided by 2226.
48
Calculate the remainder when 56583967 is divided by 13.
11
What is the remainder when 1323281 is divided by 1323249?
32
What is the remainder when 185651 is divided by 92?
87
What is the remainder when 4302011 is divided by 4372?
4335
What is the remainder when 218712 is divided by 1531?
1310
What is the remainder when 606241 is divided by 76?
65
What is the remainder when 14430856 is divided by 7215428?
0
Calculate the remainder when 14544 is divided by 979.
838
Calculate the remainder when 9554592 is divided by 78.
60
What is the remainder when 981944 is divided by 37764?
80
What is the remainder when 159620996 is divided by 132?
128
What is the remainder when 47827 is divided by 5895?
667
Calculate the remainder when 54029 is divided by 3858.
17
Calculate the remainder when 1433898 is divided by 477902.
192
Calculate the remainder when 6477058 is divided by 647704.
18
What is the remainder when 195789 is divided by 1645?
34
What is the remainder when 12869443 is divided by 2573881?
38
Calculate the remainder when 197145 is divided by 94618.
7909
What is the remainder when 20515 is divided by 1700?
115
Calculate the remainder when 78065 is divided by 2688.
113
Calculate the remainder when 7059688 is divided by 9.
7
What is the remainder when 883162 is divided by 122?
4
What is the remainder when 514144 is divided by 24483?
1
Calculate the remainder when 17422 is divided by 2457.
223
Calculate the remainder when 3557425 is divided by 3557401.
24
What is the remainder when 120158366 is divided by 969019?
10
What is the remainder when 53005 is divided by 351?
4
What is the remainder when 1215561 is divided by 1533?
1425
What is the remainder when 641462 is divided by 128212?
402
What is the remainder when 74292 is divided by 6750?
42
Calculate the remainder when 32273491 is divided by 1038.
1033
What is the remainder when 1381527 is divided by 345345?
147
Calculate the remainder when 214037 is divided by 8480.
2037
What is the remainder when 163610 is divided by 842?
262
Calculate the remainder when 58086 is divided by 440.
6
Calculate the remainder when 10389634 is divided by 844.
838
Calculate the remainder when 4307107 is divided by 4306937.
170
What is the remainder when 16243563 is divided by 896?
875
Calculate the remainder when 374419 is divided by 124567.
718
What is the remainder when 17968815 is divided by 159?
66
What is the remainder when 4271640 is divided by 2627?
138
What is the remainder when 996400 is divided by 52435?
135
Calculate the remainder when 609494 is divided by 101472.
662
What is the remainder when 158451591 is divided by 116?
115
Calculate the remainder when 20366 is divided by 1273.
1271
What is the remainder when 537040 is divided by 651?
616
What is the remainder when 4225643 is divided by 179?
169
What is the remainder when 2787 is divided by 653?
175
What is the remainder when 4256615 is divided by 2604?
1679
Calculate the remainder when 26556 is divided by 1478.
1430
Calculate the remainder when 57611298 is divided by 3193.
3192
What is the remainder when 541409835 is divided by 123?
120
Calculate the remainder when 108752 is divided by 284.
264
Calculate the remainder when 7593930 is divided by 17.
13
Calculate the remainder when 29389611 is divided by 7347398.
19
What is the remainder when 42277339 is divided by 76?
59
What is the remainder when 207615 is divided by 372?
39
What is the remainder when 74600 is divided by 37286?
28
Calculate the remainder when 2108371 is divided by 46.
7
Calculate the remainder when 349312 is divided by 93.
4
Calculate the remainder when 18975569 is divided by 87.
86
What is the remainder when 132354 is divided by 3727?
1909
What is the remainder when 3105825 is divided by 2046?
2043
Calculate the remainder when 19765 is divided by 432.
325
What is the remainder when 5277563 is divided by 145?
143
What is the remainder when 15711282 is divided by 7?
6
Calculate the remainder when 139504 is divided by 545.
529
What is the remainder when 80183830 is divided by 472?
470
What is the remainder when 52775 is divided by 52504?
271
Calculate the remainder when 29889039 is divided by 3738.
3729
Calculate the remainder when 936291 is divided by 88.
59
What is the remainder when 22683821 is divided by 164?
161
What is the remainder when 1519126 is divided by 62?
2
What is the remainder when 217543 is divided by 16621?
1470
What is the remainder when 8123997 is divided by 169?
167
Calculate the remainder when 62219453 is divided by 53.
50
Calculate the remainder when 2322080 is divided by 4169.
4116
Calculate the remainder when 3792886 is divided by 132.
130
Calculate the remainder when 17100956 is divided by 502968.
44
What is the remainder when 1160609 is divided by 25788?
149
What is the remainder when 6835720 is divided by 975?
970
What is the remainder when 688910 is divided by 29?
15
What is the remainder when 69915711 is divided by 119?
117
Calculate the remainder when 19579341 is divided by 4894833.
9
Calculate the remainder when 662416 is divided by 82794.
64
Calculate the remainder when 145486 is divided by 324.
10
What is the remainder when 398133 is divided by 132695?
48
Calculate the remainder when 353303 is divided by 353181.
122
What is the remainder when 93284 is divided by 758?
50
What is the remainder when 1655867 is divided by 45996?
11
What is the remainder when 21036 is divided by 2773?
1625
Calculate the remainder when 1705460 is divided by 100310.
190
What is the remainder when 425686 is divided by 9250?
186
Calculate the remainder when 134250 is divided by 3729.
6
What is the remainder when 309011 is divided by 1798?
1553
What is the remainder when 2136763 is divided by 5704?
3467
What is the remainder when 267757 is divided by 66785?
617
What is the remainder when 31198776 is divided by 1039959?
6
What is the remainder when 52102738 is divided by 12?
10
What is the remainder when 4944 is divided by 548?
12
What is the remainder when 2880054 is divided by 11163?
0
What is the remainder when 2255677 is divided by 2255664?
13
What is the remainder when 17312954 is divided by 1411?
1395
Calculate the remainder when 3871194 is divided by 1935580.
34
Calculate the remainder when 